{"id":10,"date":"2018-08-22T18:19:14","date_gmt":"2018-08-22T18:19:14","guid":{"rendered":"http:\/\/skkoprivnice.cz\/?page_id=10"},"modified":"2022-10-17T11:50:50","modified_gmt":"2022-10-17T09:50:50","slug":"kontakt","status":"publish","type":"page","link":"https:\/\/skkoprivnice.cz\/?page_id=10","title":{"rendered":"Kontakt"},"content":{"rendered":"<h1><span class=\"green\">Sportovn\u00ed klub\u00a0<\/span>Kop\u0159ivnice, z.s.<\/h1>\n<div class=\"art-postcontent clearfix\">\n<div class=\"art-article\">\n<h3>Husova 1340\/9,\u00a0742 21 Kop\u0159ivnice<\/h3>\n<\/div>\n<ul>\n<li>e-mail:skkopr@seznam.cz<\/li>\n<li>I\u010c:\u00a0646 29 074<\/li>\n<li>DI\u010c:\u00a037664629074<\/li>\n<li>bankovn\u00ed spojen\u00ed:\n<ul>\n<li>\u010cesk\u00e1 spo\u0159itelna &#8211; 1767495349\/0800<\/li>\n<li>Komer\u010dn\u00ed banka &#8211;\u00a01767495349\/0100<\/li>\n<\/ul>\n<\/li>\n<\/ul>\n<div class=\"art-article\">\n<h3><span style=\"text-decoration: underline;\"><strong>Kontakty na veden\u00ed klubu:<\/strong><\/span><\/h3>\n<\/div>\n<\/div>\n<p style=\"padding-left: 30px;\"><strong>Ing. Zden\u011bk Wil\u010dek\u00a0<\/strong>&#8211;\u00a0<em><span class=\"gray\">p\u0159<\/span><\/em><span class=\"gray\"><em>edseda SK Kop\u0159ivnice<\/em><\/span><\/p>\n<p style=\"padding-left: 60px;\">telefon: 731 735 458<strong>\u00a0 \u00a0 \u00a0 \u00a0 \u00a0 \u00a0 \u00a0 \u00a0 \u00a0 \u00a0 \u00a0<\/strong>e-mail: <a href=\"mailto:zdenek.wilcek@gmail.com\">skkopr@seznam.cz<\/a><\/p>\n<p style=\"padding-left: 30px;\"><strong>Petra Kah\u00e1nkov\u00e1\u00a0 <\/strong>&#8211;\u00a0<em>m\u00edsto<span class=\"gray\">p\u0159<\/span><\/em><span class=\"gray\"><em>edseda SK Kop\u0159ivnice<\/em><\/span><\/p>\n<p style=\"padding-left: 60px;\">telefon: 731 484 682<strong>\u00a0 <\/strong><strong>\u00a0 \u00a0 \u00a0 \u00a0 \u00a0 \u00a0 \u00a0\u00a0\u00a0\u00a0\u00a0\u00a0 <\/strong>e-mail: <a href=\"mailto:benjaminkahanek@seznam.cz\">benjaminkahanek@seznam.cz<\/a><\/p>\n<div class=\"art-postcontent clearfix\">\n<p style=\"padding-left: 30px;\"><strong>Mgr. Ren\u00e9 Lakom\u00fd <\/strong>-jednatel\u00a0<span class=\"gray\"><em>SK Kop\u0159ivnice<\/em><\/span><\/p>\n<p style=\"padding-left: 60px;\">telefon:\u00a0737 214 436<strong>\u00a0 \u00a0 \u00a0 \u00a0 \u00a0 \u00a0 \u00a0 \u00a0 \u00a0 \u00a0 \u00a0<\/strong>e-mail:\u00a0<a href=\"mailto:renelakomy@seznam.cz\">renelakomy@seznam.cz<\/a><\/p>\n<p style=\"padding-left: 60px;\">\u00a0<\/p>\n<\/div>\n\n\n<p><\/p>\n","protected":false},"excerpt":{"rendered":"<p>Sportovn\u00ed klub\u00a0Kop\u0159ivnice, z.s. Husova 1340\/9,\u00a0742 21 Kop\u0159ivnice e-mail:skkopr@seznam.cz I\u010c:\u00a0646 29 074 DI\u010c:\u00a037664629074 bankovn\u00ed spojen\u00ed: \u010cesk\u00e1 spo\u0159itelna &#8211; 1767495349\/0800 Komer\u010dn\u00ed banka<\/p>\n","protected":false},"author":1,"featured_media":0,"parent":0,"menu_order":0,"comment_status":"closed","ping_status":"closed","template":"","meta":[],"_links":{"self":[{"href":"https:\/\/skkoprivnice.cz\/index.php?rest_route=\/wp\/v2\/pages\/10"}],"collection":[{"href":"https:\/\/skkoprivnice.cz\/index.php?rest_route=\/wp\/v2\/pages"}],"about":[{"href":"https:\/\/skkoprivnice.cz\/index.php?rest_route=\/wp\/v2\/types\/page"}],"author":[{"embeddable":true,"href":"https:\/\/skkoprivnice.cz\/index.php?rest_route=\/wp\/v2\/users\/1"}],"replies":[{"embeddable":true,"href":"https:\/\/skkoprivnice.cz\/index.php?rest_route=%2Fwp%2Fv2%2Fcomments&post=10"}],"version-history":[{"count":15,"href":"https:\/\/skkoprivnice.cz\/index.php?rest_route=\/wp\/v2\/pages\/10\/revisions"}],"predecessor-version":[{"id":1464,"href":"https:\/\/skkoprivnice.cz\/index.php?rest_route=\/wp\/v2\/pages\/10\/revisions\/1464"}],"wp:attachment":[{"href":"https:\/\/skkoprivnice.cz\/index.php?rest_route=%2Fwp%2Fv2%2Fmedia&parent=10"}],"curies":[{"name":"wp","href":"https:\/\/api.w.org\/{rel}","templated":true}]}}